*i. Suppose -p = 3*n - 1417, 2*p - a = -2*n + 1502. Is p composite?
True
Let s be (27/(-6))/((-9)/9990). Suppose s = 5*o - 4270. Is o composite?
True
Let y(q) be the second derivative of -q**4/6 + q**3 - 5*q**2/2 + 16*q. Let w be y(1). Is (1/1)/(2/(-1930)*w) composite?
True
Let j(s) = 79*s**3 - 18*s**2 - 33*s - 649. Is j(23) a prime number?
False
Suppose 57*x - 819258 + 20133917 = 190*x. Is x a composite number?
True
Suppose -14*j - 6*j - 40 = 0. Is ((-10532)/(2 - -2))/(2/j) a prime number?
True
Suppose 6*g - 124 = 2*g. Let h(z) = -7 + 10*z - g*z - 8*z - 40*z. Is h(-14) prime?
False
Let z be 10/(-15) - (-6384)/(-9). Let a = -135 - z. Suppose -3*h = -w - 1769, -2*w = -h + 2*w + a. Is h composite?
True
Let s(i) be the third derivative of -9*i**6/5 + i**5/10 - i**4/4 - 7*i**3/6 + 3*i**2 + 8*i. Is s(-3) a composite number?
False
Let a be -2 - ((-4)/1 + -2). Let g be (-201)/(-134) + 65*44/8. Suppose 3*c + 0*c + g = 2*r, -a*r - 3*c = -709. Is r a prime number?
False
Suppose -140*q + 172*q = 7121696. Is q prime?
True
Suppose -100927 + 640473 = 17*t. Suppose 0 = 13*d - t + 6141. Is d a prime number?
False
Let y(r) = 4*r + r**3 + 7*r**2 + 8 - 16 - 2*r**3. Let l be y(8). Is (-5)/(l/(-6)) - (-1262)/8 a composite number?
False
Let a(y) = -y**3 - 3*y**2 - y. Let u be a(-3). Suppose 0 = -b - u*b + 8. Is ((-2)/b)/(1/(-541)) a composite number?
False
Let g = -49925 - -87275. Suppose 14*b = -4688 + g. Is b prime?
True
Suppose -5*d + 2 = -4*d. Suppose 4*a - 18 + d = 0. Suppose 2*q = 5*n + 271, -q - a*q + n = -666. Is q prime?
False
Suppose -1561*r + 1564*r = 444165. Is r a prime number?
False
Let m(t) = -8292*t + 43. Is m(-22) a composite number?
False
Let r(m) = 15669*m + 248. Let t be r(10). Suppose -10*i + t = -181152. Is i a composite number?
False
Let n = -143 - -154. Let j(m) = 4*m**3 - 21*m**2 - 6*m - 48. Is j(n) a prime number?
False
Suppose -2*y - 6*h = -3*h - 44238, 3*h - 12 = 0. Suppose 0 = -2*m - m + 2*p + y, -5*m = 4*p - 36833. Is m composite?
False
Suppose 12*v - 95434 = 8*v + 3*b, -2*b = -2*v + 47718. Is v a composite number?
False
Suppose -3*y + 7*b - 3*b + 126 = 0, 0 = 5*b + 15. Let q be -1*(-3 + 4)*-3. Suppose -g + 547 = q*d + y, -2*g - 4*d + 1014 = 0. Is g composite?
False
Let p(u) = 1044*u**2 - 219*u + 8. Is p(5) a composite number?
False
Let l = -249 + 251. Suppose -b + 445 = -l*n, 2*b - 887 = -2*n + 3*n. Is b prime?
True
Let l be ((-12)/14)/((-4)/14). Suppose 2*a = -5*v + 90, 5*v - 2*a = l*a + 55. Suppose v*g + 3172 = 20*g. Is g a composite number?
True
Let m be (1 - -1)*(-4 + 7 + 9). Suppose 9*z - 6*z = m. Suppose -3175 = z*n - 13*n. Is n a prime number?
False
Let q(x) = -3356*x + 637. Is q(-32) prime?
False
Let x = -7916 + 22839. Is x a prime number?
True
Suppose z + 2*c = -3*z - 2, -2*c - 2 = -2*z. Suppose -3*k = 4*i - 15604, z = -2*i + 4*i - 2*k - 7788. Is i composite?
True
Let r(y) = -y + 13. Let c be r(9). Suppose 5*z + 4371 - 13676 = c*q, -4*q + 7444 = 4*z. Is z prime?
True
Let q be 20364/9*24/(-16). Let g = q + 4755. Is g a prime number?
True
Let r = -144 + 99. Let x = -42 - r. Is -3 - (x + -193*(-6)/(-2)) prime?
False
Let b = -233714 + 369009. Is b prime?
False
Let c = 6428 - 4505. Is c a prime number?
False
Suppose 6980 = 15*p - 4780. Let n(q) = -q**3 - q**2 + 15. Let m be n(0). Suppose m*t = 401 + p. Is t composite?
False
Let b = -199 + 201. Suppose 0 = i + 5*s - 7074, -b*i + 2*s + 14135 = -s. Is i a prime number?
True
Suppose -4*n - 35*f - 207860 = -30*f, -2*f + 155872 = -3*n. Let u = n + 74101. Is u a prime number?
False
Let u(h) = -1 - 190*h**3 - h - 1 + h**2 + h**2. Suppose 2*p + 2*p - 8 = 0, -4*p = -2*s - 10. Is u(s) a composite number?
False
Let g(i) = 2*i**2 + 163*i - 2152. Is g(91) a prime number?
True
Suppose 5*r - 5*j = 9 + 21, 4*j + 16 = 0. Let d(z) = -3*z + 11*z - 7*z + 373 + z**r - z**3. Is d(0) a prime number?
True
Suppose 2*q = -2*s + 27938, -3*q + 16143 + 25722 = -4*s. Is q prime?
True
Suppose 3*u - 2*x = u + 24, -5*u + 76 = -x. Let j = -16 + u. Let m(w) = -w**2 + 2*w + 397. Is m(j) composite?
False
Let g(z) = z**2 - 13*z + 17. Let u be g(2). Let w(a) = -2367*a - 106. Is w(u) a prime number?
False
Let y be 472/160*2165 - 2/(-8). Let l = y + -4486. Is l prime?
True
Let x(o) = 1925*o + 13. Let p be x(-10). Let u = p - -31100. Is u composite?
False
Suppose 5*p = 23 - 33. Is (-1 - p) + (-6 - -256) composite?
False
Let j(h) = -4*h**3 - 30*h**2 - 8*h - 37. Let y be j(-21). Suppose y = 12*n - 59491. Is n a prime number?
False
Let d = 12672 + 28223. Is d prime?
False
Let f(z) = 61 - 57*z**2 + 35*z - z**3 - 117*z**2 + 121*z**2. Is f(-54) a composite number?
False
Suppose 293 = 4*s - 95. Suppose -s*y = -93*y - 9988. Is y prime?
False
Is (-10 + 2 - 6262605/30)*(-7 - -5) prime?
True
Suppose 0 = -3*q - 4*w + 85, 3*q + 2*w - 74 - 3 = 0. Suppose -q*j - 320 = -7*j. Is ((-441825)/j)/15 - 2/(-8) a composite number?
True
Let g = 697 + 1200. Is g - (-1 + 2) - (-18 + 13) a prime number?
True
Let z(d) = d**3 - 10*d**2 + 9*d - 2. Let w be z(9). Let h(k) = 97*k**2 + 11*k + 16. Is h(w) composite?
True
Suppose -27*z + 1107522 = 5*z - 10487326. Is z composite?
False
Let j = 160925 - 94090. Is j a composite number?
True
Suppose -6*a = -a + 9765. Let h be (a/(1 - -2))/1. Let w = h - -1192. Is w prime?
True
Suppose -198285 = -8*a - 37221. Let x = -9042 + a. Is x a composite number?
True
Suppose -2 + 20 = 6*q. Suppose 2*g + q*i + 0 - 1 = 0, 3*g - 4*i = 44. Suppose -6*x - 1006 = -g*x. Is x a prime number?
True
Let a = 604209 - 348630. Is a composite?
True
Let c = 144271 + -62394. Is c composite?
True
Let y(c) = 240*c + 29. Let t be y(11). Suppose -5*l + 4471 = -4*q, t = 4*l - l + q. Suppose -v + 764 = -l. Is v a prime number?
False
Suppose 10 = 27*k + 1927. Suppose 5*j + 3*h = 699, 4*h - 5*h = 3*j - 417. Let u = k + j. Is u prime?
True
Let w be -12*-1*1/3*1. Suppose 6316 = w*u + 1732. Suppose -10*y - u = -12*y. Is y a prime number?
False
Let r(y) = -124*y**3 + 4*y**2 + 3*y + 5. Suppose 5*i = -24 + 4. Is r(i) composite?
False
Is (-1)/(((-286)/(-1839926))/(-13)) a prime number?
False
Let m = 273921 - 137992. Is m a prime number?
True
Is (579/965)/((-3)/(-494185)) prime?
True
Let u be 6/8*240/90. Is (-1 + u)*(1107 - -14) a composite number?
True
Let s(k) = -4*k**2 - k + 211. Let j(l) = -7*l**2 - 9*l + 422 + 19*l + 0*l**2 - 12*l. Let q(r) = 3*j(r) - 5*s(r). Is q(0) a composite number?
False
Let x = 53522 - 21193. Is x prime?
False
Suppose -n - 5*i = -3072, 6*i = -5*n + 5*i + 15432. Suppose -6055 = -7*d + n. Is d a composite number?
True
Let w = 37594 - -10459. Is w composite?
True
Is (2491416/36)/((-4)/(-2)) a prime number?
True
Let y(l) = -3379*l + 1539. Is y(-86) a composite number?
False
Let p(d) = d**3 - 32*d - 7*d**2 + 28*d**2 - 8 + 70 + 7*d. Is p(-19) a composite number?
False
Let q be -9 - (-7 + (-4)/2). Suppose -60*d + 108646 - 24826 = q. Is d prime?
False
Let f = -221 - -226. Suppose -61557 = -5*c - 2*w, -2*c + f*w + 20012 = -4634. Is c prime?
False
Suppose -4*r = -1 - 27. Suppose -33*p + 88 = -11*p. Suppose -p*i = 2*f - 1256, 1256 = r*i - 3*i - 4*f. Is i prime?
False
Let r(v) be the first derivative of v**2/2 + 7*v - 8. Let a be r(-7). Is a + (1 - (0 + 0) - -1162) a composite number?
False
Suppose -548862 = -47*i - 55*i. Is i a prime number?
True
Let m(o) = -o**3 + 11*o**2 - 3. Let c be m(11). Let g be ((-1)/c)/(10/(-90)). Let v(i) = -111*i - 2. Is v(g) composite?
False
Let v be 1140/(-3 - 3)*6. Suppose -g + 5 = w, -g - 3 = -2*g. Is (w + -1)/(-2 + v/(-568)) composite?
True
Let w(b) = 11*b**3 + 24*b**2 - 85*b + 103. Is w(19) composite?
False
Is 3 - (-2 - (-447507)/(-114)*(-76)/(-3)) a prime number?
False
Let g be (-114)/(-22) + 0 + 40/(-220). Suppose 155 = j - b, -g*b + 412 = 2*j + 102. Is j a prime number?
False
Let a(r) = r + 14. Let p be a(-12). Let n(g) = -78*g - 8. Let z be n(-5). Suppose -4*u + 360 = -2*w - 404, p*u = -2*w + z. Is u prime?
True
Suppose 7*t - 133014 = 7259. Let l = 54136 - t. Is l prime?
False
Let v(z) = -z**2 - 13*z - 27. Let c be v(-10). Suppose -5*g + 3178 = m - 3042, -g - c*m = -1258. Is g a composite number?
True
Let u = -509119 + 747300. Is u prime?
True
Suppose 3*b + 1629122 - 48920 = 3*a, 3*b = -3. Is a composite?
False
Suppose -4*c = -2*w + 7*w + 78, 2*c - 24 = w. Let b = 22 + w. Suppose b*r + 2*k = 1038